 prime number?
False
Is 14881 a prime number?
False
Is 1171847 a prime number?
True
Is 13811 prime?
False
Is 366351 a composite number?
True
Is 389323 a prime number?
False
Is 194749 prime?
True
Is 162553 composite?
False
Is 42277 a composite number?
True
Is 378977 a composite number?
False
Is 3989 prime?
True
Is 3831 composite?
True
Is 581137 prime?
True
Is 5773 composite?
True
Is 20337 a composite number?
True
Is 27479 a composite number?
False
Is 1177019 a prime number?
True
Is 10753 prime?
True
Is 38507 prime?
False
Is 288499 composite?
False
Is 130777 prime?
False
Is 2722511 a composite number?
True
Is 74631 prime?
False
Is 626783 a composite number?
False
Is 33103 a composite number?
True
Is 571633 prime?
True
Is 1259 a composite number?
False
Is 41027 a prime number?
False
Is 5773 a composite number?
True
Is 38903 a composite number?
False
Is 77237 a prime number?
True
Is 125921 a composite number?
False
Is 596483 a composite number?
True
Is 5333 composite?
False
Is 272131 prime?
True
Is 5998 a prime number?
False
Is 24439 a prime number?
True
Is 1348694 a composite number?
True
Is 753967 a composite number?
True
Is 44831 composite?
True
Is 99413 a composite number?
True
Is 5747 composite?
True
Is 3629 a composite number?
True
Is 73001 a prime number?
False
Is 14783 composite?
False
Is 2069659 prime?
False
Is 184901 composite?
False
Is 2026223 composite?
False
Is 10841 a prime number?
False
Is 191227 prime?
True
Is 1193479 a prime number?
False
Is 18143 a composite number?
False
Is 164173 a composite number?
False
Is 17601 prime?
False
Is 536806 a prime number?
False
Is 505277 composite?
False
Is 577606 a prime number?
False
Is 67231 composite?
False
Is 181037 composite?
True
Is 383038 composite?
True
Is 179209 prime?
True
Is 175573 prime?
True
Is 6031 prime?
False
Is 487337 a composite number?
True
Is 38143 a composite number?
True
Is 40151 a composite number?
False
Is 18479 a prime number?
False
Is 38987 composite?
True
Is 1005409 a prime number?
True
Is 11863 prime?
True
Is 3719 a composite number?
False
Is 180311 composite?
False
Is 21971 a composite number?
True
Is 5533 a prime number?
False
Is 270719 a prime number?
True
Is 8999 composite?
False
Is 6624771 a prime number?
False
Is 151991 a prime number?
False
Is 23719 a prime number?
True
Is 62969 a composite number?
False
Is 1144257 a prime number?
False
Is 5167 composite?
False
Is 19531 composite?
False
Is 743 a composite number?
False
Is 173747 a prime number?
False
Is 852287 composite?
False
Is 213091 prime?
True
Is 8999 prime?
True
Is 7639 prime?
True
Is 1325543 composite?
False
Is 77611 a prime number?
True
Is 1399 a prime number?
True
Is 73135 a prime number?
False
Is 1409 composite?
False
Is 175943 prime?
False
Is 7669 a prime number?
True
Is 314771 a composite number?
False
Is 89977 a composite number?
False
Is 340519 a composite number?
False
Is 1151303 a composite number?
False
Is 527881 prime?
True
Is 7051 a composite number?
True
Is 227947 a composite number?
False
Is 13591 prime?
True
Is 4507 a prime number?
True
Is 1189 composite?
True
Is 679227 a prime number?
False
Is 572511 composite?
True
Is 90583 composite?
False
Is 583 a composite number?
True
Is 84913 a composite number?
False
Is 69241 a prime number?
False
Is 1853 composite?
True
Is 10453 prime?
True
Is 618637 prime?
True
Is 4963 prime?
False
Is 19811 a composite number?
True
Is 285887 a composite number?
True
Is 11411 prime?
True
Is 37951 prime?
True
Is 2099 composite?
False
Is 331355 composite?
True
Is 59333 a prime number?
True
Is 553 prime?
False
Is 1128181 composite?
False
Is 95701 composite?
False
Is 81121 prime?
False
Is 173819 a prime number?
True
Is 3575263 composite?
False
Is 123659 a prime number?
False
Is 1985713 prime?
True
Is 3637 composite?
False
Is 16043 a composite number?
True
Is 262007 a composite number?
False
Is 497353 composite?
True
Is 2060599 a composite number?
False
Is 593783 prime?
True
Is 114017 a prime number?
False
Is 11783 a composite number?
False
Is 95591 a composite number?
True
Is 3262363 prime?
False
Is 6731 a prime number?
False
Is 923903 a composite number?
False
Is 100103 prime?
True
Is 67345 composite?
True
Is 66161 a prime number?
True
Is 2794157 a prime number?
False
Is 753203 a prime number?
False
Is 473831 composite?
True
Is 85991 a composite number?
False
Is 5077 composite?
False
Is 258617 a composite number?
False
Is 8657 prime?
False
Is 58831 a composite number?
False
Is 17663 a prime number?
False
Is 34231 prime?
True
Is 9986 composite?
True
Is 3201133 a composite number?
True
Is 18317 prime?
False
Is 42947 prime?
False
Is 129161 composite?
True
Is 1228631 a composite number?
False
Is 25579 a composite number?
False
Is 547709 a composite number?
False
Is 4195 a prime number?
False
Is 8639 a composite number?
True
Is 9767 a composite number?
False
Is 482131 prime?
False
Is 401627 a prime number?
True
Is 14017 prime?
False
Is 101197 prime?
True
Is 101521 a prime number?
False
Is 3793 composite?
False
Is 15307 prime?
True
Is 851 a composite number?
True
Is 84197 a composite number?
True
Is 53285 a composite number?
True
Is 78569 a composite number?
False
Is 577747 a prime number?
False
Is 9169 a prime number?
False
Is 369953 a prime number?
False
Is 99551 composite?
False
Is 40277 a composite number?
False
Is 191 prime?
True
Is 1150945 composite?
True
Is 92609 prime?
False
Is 917363 a composite number?
False
Is 22315 a prime number?
False
Is 7751 prime?
False
Is 10133 a prime number?
True
Is 4049 prime?
True
Is 615701 a composite number?
True
Is 745103 a prime number?
True
Is 13683 a composite number?
True
Is 88645 a prime number?
False
Is 166013 a prime number?
True
Is 847831 a composite number?
True
Is 20467 prime?
False
Is 25539 composite?
True
Is 35363 prime?
True
Is 157558 a prime number?
False
Is 1225541 a composite number?
False
Is 759839 prime?
False
Is 235513 a composite number?
False
Is 4547 a prime number?
True
Is 254329 prime?
True
Is 2752787 composite?
False
Is 673 prime?
True
Is 50627 a composite number?
False
Is 5207 a prime number?
False
Is 1874791 a composite number?
False
Is 302807 composite?
True
Is 19802 a prime number?
False
Is 16657 prime?
True
Is 300397 composite?
False
Is 3791 prime?
False
Is 239357 composite?
False
Is 3161 a composite number?
True
Is 14281 a composite number?
False
Is 74279 a composite number?
False
Is 147271 composite?
True
Is 698891 a prime number?
True
Is 358251 prime?
False
Is 2474413 a composite number?
False
Is 70901 prime?
True
Is 210091 prime?
False
Is 402823 a composite number?
False
Is 503003 composite?
False
Is 1637 a prime number?
True
Is 2099 prime?
True
Is 1581191 prime?
True
Is 203 composite?
True
Is 29909 a composite number?
True
Is 5818 a prime number?
False
Is 10033 prime?
False
Is 51763 a prime number?
False
Is 1064303 composite?
True
Is 5219 a composite number?
True
Is 96821 composite?
False
Is 33401 a composite number?
True
Is 13771 a composite number?
True
Is 8657 composite?
True
Is 208979 prime?
False
Is 73579 a prime number?
False
Is 40577 composite?
False
Is 9563 prime?
False
Is 177655 a composite number?
True
Is 136757 a composite number?
True
Is 7349 a composite number?
False
Is 15299 a composite number?
False
Is 929 prime?
True
Is 84057 prime?
False
Is 7603 a prime number?
True
Is 5086 a composite number?
True
Is 1585381 a composite number?
True
Is 9041 composite?
False
Is 917 a prime number?
False
Is 273647 a prime number?
False
Is 24293 prime?
False
Is 28345 prime?
False
Is 18041 a prime number?
True
Is 19153 prime?
False
Is 1601 composite?
False
Is 1163 prime?
True
Is 6673 a composite number?
False
Is 118933 composite?
True
Is 53353 prime?
True
Is 123953 a prime number?
True
Is 3189 a prime number?
False
Is 2819 composite?
False
Is 39101 composite?
True
Is 26989 composite?
True
Is 10046 composite?
True
Is 8731 composite?
False
Is 7493 prime?
False
Is 314059 a prime number?
True
Is 6927 a prime number?
False
Is 11303 a prime number?
False
Is 1672859 a prime number?
False
Is 991207 a prime number?
False
Is 9493 composite?
True
Is 248453 a composite number?
True
Is 59941 a prime number?
False
Is 377 prime?
False
Is 91009 a composite number?
False
Is 8741 a prime number?
True
Is 1814803 comp